5
Let m(t) = t**3 + 42*t**2 - 36*t - 136. What is m(-43)?
-437
Let o(v) = 14082*v**2 - 112687*v + 10. What is o(8)?
-238
Let g(h) = -6*h**2 + 1727*h + 25685. Calculate g(302).
15
Let l(w) = -9*w**3 - 73*w**2 + 11*w + 194. What is l(-8)?
42
Let c(r) = -104*r - 2717. Give c(-23).
-325
Let j(h) = -353*h**2 - 20353*h + 7005. Calculate j(-58).
-13
Let c(p) = p**3 - 218*p**2 - 1401*p + 12768. Give c(224).
0
Let c(d) = d**2 + 2183*d + 875133. Give c(-529).
167
Let n(g) = 28471*g - 85396. What is n(3)?
17
Let a(m) = -157069*m + 2198961. Determine a(14).
-5
Let n(z) = 66*z**2 - 9508*z + 558. Calculate n(144).
-18
Let s(d) = 74*d**2 - 1776*d + 20. Determine s(24).
20
Let j(y) = -399*y**3 - 7583*y**2 - 30*y + 152. Determine j(-19).
0
Let y(j) = 536685*j - 1073378. What is y(2)?
-8
Let r(l) = -l**3 + 100*l**2 + 297*l - 39202. What is r(99)?
2
Let m(y) = 1791*y + 4451. Determine m(-2).
869
Let q(t) = -t**3 - 420*t**2 - 5688*t - 1684. Give q(-406).
-60
Let f(m) = m**3 + 83*m**2 - 205*m - 23548. Calculate f(-82).
-14
Let o(q) = 426*q + 8422. What is o(-19)?
328
Let l(g) = 300*g + 4125. What is l(-21)?
-2175
Let m(a) = -a**2 + 3551*a + 176380. What is m(-49)?
-20
Let t(x) = x**3 + 19*x**2 - 26*x - 1293. Calculate t(-14).
51
Let w(v) = 88*v - 12308. What is w(140)?
12
Let u(z) = 111*z**2 + 1287*z - 1399. Determine u(1).
-1
Let m(c) = -513700*c - 4623274. Calculate m(-9).
26
Let g(n) = 24370*n - 24327. Calculate g(1).
43
Let k(q) = 19*q**2 + 13*q - 307. Calculate k(-7).
533
Let l(i) = -119159*i - 953286. What is l(-8)?
-14
Let a(y) = -26862*y - 80137. Determine a(-3).
449
Let i(c) = 340159*c - 2721290. Calculate i(8).
-18
Let k(u) = -9*u**2 + 193*u - 136. Give k(24).
-688
Let p(h) = 148*h**2 - 64*h + 143. Give p(2).
607
Let g(q) = -587*q + 100989. What is g(172)?
25
Let y(p) = 37*p**2 - 114*p - 6. What is y(3)?
-15
Let s(d) = -15*d**3 - d**2 + 69*d - 244. Calculate s(4).
-944
Let f(l) = -6*l**3 + 336*l**2 - 304*l - 1064. Give f(55).
366
Let b(m) = 6*m**3 - 134*m**2 + 60*m - 409. Calculate b(22).
-57
Let n(x) = x**2 - 50630*x + 5103422. Give n(101).
-7
Let p(g) = -120804*g - 4952953. What is p(-41)?
11
Let j(b) = 44*b**2 - 1336*b + 6725. Determine j(24).
5
Let s(z) = -4*z**2 + 4*z - 28. What is s(5)?
-108
Let s(w) = w**3 - 3*w**2 - 5*w + 951. What is s(0)?
951
Let g(b) = -2*b**3 + 76*b**2 + 1864*b - 2735. Determine g(-18).
1
Let l(c) = -c**3 - 64*c**2 - 17*c - 1964. What is l(-64)?
-876
Let f(y) = -14*y**3 + 106*y**2 + 60*y - 267. Calculate f(8).
-171
Let q(p) = 155732*p + 12925755. Calculate q(-83).
-1
Let p(j) = -13*j**2 + 1013*j + 6647. Calculate p(84).
11
Let t(v) = -6*v**2 + 7962*v + 55737. Give t(-7).
-291
Let f(h) = -260*h**2 + 47323*h - 531. Give f(182).
15
Let y(a) = a**3 - 263*a**2 - 9*a + 2430. Calculate y(263).
63
Let i(n) = 5*n**3 + 92*n**2 + 86*n - 27. Give i(-19).
-2744
Let x(m) = 10*m**3 + 148*m**2 - 39*m + 10. Give x(-15).
145
Let k(b) = b**3 + 173*b**2 - 9*b - 1506. What is k(-173)?
51
Let g(w) = w**2 + 31*w + 1294. Determine g(-23).
1110
Let r(q) = -8*q**2 + 938*q - 3590. Determine r(113).
252
Let j(r) = -r**3 + 150*r**2 + 24*r + 42553. Give j(152).
-7
Let k(r) = -r**2 + 55*r - 1066. Determine k(13).
-520
Let s(a) = a**3 - 23*a**2 + 41451*a - 165487. Give s(4).
13
Let q(b) = 3*b**2 - 2363. Determine q(-28).
-11
Let d(s) = -411*s**2 + 2841*s - 4796. Calculate d(4).
-8
Let h(n) = 7*n**3 + 23*n**2 + 61*n - 25. What is h(-3)?
-190
Let w(k) = -k**2 - 37183*k - 297406. What is w(-8)?
-6
Let f(y) = -17*y**2 - 13994*y + 28002. Determine f(2).
-54
Let q(v) = -12*v**3 - 19*v**2 - 11*v - 10. Give q(-1).
-6
Let h(o) = -10*o**3 + 282*o**2 + 516*o - 43. What is h(30)?
-763
Let z(d) = -18*d**3 + 16*d**2 - 108*d + 7. Calculate z(4).
-1321
Let w(u) = u**3 + 249*u**2 - 36*u - 8954. Determine w(-249).
10
Let v(a) = a**3 + 123*a**2 + 35*a + 6812. What is v(-123)?
2507
Let w(q) = 55*q**2 + 45*q + 460. Calculate w(-7).
2840
Let i(r) = 3*r**2 - 1158*r + 110546. Determine i(173).
-1
Let z(d) = -65*d - 12019. Give z(-184).
-59
Let q(m) = 25051*m - 100207. What is q(4)?
-3
Let p(t) = -10265*t - 52074. Determine p(-5).
-749
Let p(z) = -z**2 + 45972*z + 505810. What is p(-11)?
-3
Let q(f) = -4*f**2 - 64*f + 474. What is q(-20)?
154
Let r(a) = 51*a**3 + 136*a**2 + 13*a + 57. Determine r(-2).
167
Let o(f) = -44*f**2 - 15528*f - 134854. Give o(-344).
-6
Let v(u) = 24038*u + 48082. What is v(-2)?
6
Let b(w) = w**3 - 24*w**2 + 624*w - 12750. Give b(22).
10
Let w(j) = 2*j**3 + 67*j**2 + 9*j - 352. Determine w(-33).
440
Let h(c) = 620*c + 82528. What is h(-133)?
68
Let r(j) = -j**3 - 326*j**2 - 611*j + 11368. Calculate r(-324).
-620
Let r(x) = -185225*x - 370452. Calculate r(-2).
-2
Let r(j) = j**3 - 14*j**2 + 74*j + 393. Calculate r(-3).
18
Let y(o) = -135638*o - 2712756. Calculate y(-20).
4
Let y(h) = -6182*h + 229497. Calculate y(37).
763
Let i(k) = -k**3 - 11*k**2 + 98*k + 403. Determine i(-16).
115
Let p(v) = 21623*v + 1427167. Calculate p(-66).
49
Let w(i) = -1155241*i - 25415292. Calculate w(-22).
10
Let p(b) = b**3 + b**2 + 52827*b + 158501. Calculate p(-3).
2
Let l(c) = -1377*c + 19199. What is l(14)?
-79
Let c(b) = 2*b**3 + 30*b**2 - 922*b - 720. What is c(-30)?
-60
Let w(m) = -785522*m - 7069703. Give w(-9).
-5
Let f(z) = 3*z**2 - 62*z - 611. Determine f(-20).
1829
Let s(j) = -11*j**2 - 1198*j - 22429. Calculate s(-24).
-13
Let o(x) = 19*x**2 + 285*x + 35. What is o(-17)?
681
Let s(b) = -2*b + 1876. What is s(-64)?
2004
Let d(i) = -522024*i - 1044042. Determine d(-2).
6
Let k(a) = -11*a**3 + 59*a**2 + 145*a + 38. Calculate k(-2).
72
Let x(i) = 2*i**3 + 25*i**2 + 322*i + 3545. Give x(-12).
-175
Let p(k) = -2*k**3 - 33*k**2 - 223*k + 6159. What is p(9)?
21
Let o(n) = -15*n**2 + 1400*n - 475. Calculate o(93).
-10
Let m(j) = -j**3 + 5*j**2 + 118*j - 611. Calculate m(11).
-39
Let q(j) = -726597*j + 1. Calculate q(0).
1
Let q(p) = -635*p - 45057. Calculate q(-71).
28
Let h(p) = 3613*p - 1687332. Give h(467).
-61
Let r(z) = -313*z**2 - 487*z + 488. Calculate r(1).
-312
Let a(h) = -h**3 - 42*h**2 + 159*h + 7834. What is a(-14)?
120
Let d(h) = 6*h**2 + 757*h - 2254. Give d(3).
71
Let u(a) = 292*a - 13283. Determine u(45).
-143
Let j(x) = x**2 + 64069*x + 1409069. What is j(-22)?
35
Let g(k) = 2459*k + 12396. Determine g(-5).
101
Let c(v) = -67461*v + 809277. Determine c(12).
-255
Let k(s) = -374*s - 20106. Give k(-53).
-284
Let u(d) = -9*d**2 - 392*d + 37. Give u(-30).
3697
Let z(q) = -30565*q - 122269. What is z(-4)?
-9
Let v(l) = 19*l**2 - 87*l - 944. What is v(-5)?
-34
Let k(f) = -f**3 - 28*f**2 + 135*f + 4027. What is k(-26)?
-835
Let u(k) = -k**2 + 409*k - 28757. What is u(90)?
-47
Let o(h) = -584*h - 5891. What is o(-8)?
-1219
Let f(y) = 5851*y**2 + 532441*y - 5. Give f(-91).
-5
Let g(h) = 6340*h - 1255341. Calculate g(198).
-21
Let h(l) = 12003*l - 2088508. What is h(174)?
14
Let d(b) = b**3 + 14*b**2 + 6693*b + 80031. Calculate d(-12).
3
Let k(n) = -2*n**3 - 295*n**2 + 2806*n + 11. What is k(9)?
-88
Let n(i) = i**3 - 149*i**2 - 6654*i - 187. Determine n(185).
923
Let s(n) = 6011*n + 5794612. Give s(-964).
8
Let y(m) = m**2 + 140*m + 1759. Calculate y(-28).
-1377
Let s(i) = -69360*i - 2150165. Calculate s(-31).
-5
Let g(c) = -3*c**2 - 69*c + 324. What is g(-34)?
-798
Let p(k) = -413*k**2 - 6*k + 4. Determine p(-1).
-403
Let n(q) = -1855*q + 58351. Give n(33).
-2864
Let b(j) = -1839*j + 34710. What is b(19)?
-231
Let h(u) = -10043*u + 241254. Give h(24).
222
Let f(a) = 20*a**2 - 357*a - 713. Determine f(-2).
81
Let r(o) = -o**3 - 23*o**2 - 50*o - 562. Calculate r(-22).
54
Let l(j) = -j**2 - 8519*j + 110920. Determine l(13).
4
Let x(d) = d**3 - 262*d**2 + 1004*d + 7448. What is x(258)?
224
Let m(z) = -35*z**2 - 1606*z + 12856. Calculate m(8).
-2232
Let o(y) = 5376*y + 53870. Determine o(-10).
110
Let k(o) = -72448*o - 1666304. What is k(-23)?
0
Let o(f) = 1863*f - 9371. Calculate o(6).
1807
Let i(h) = -h**2 - 2*h + 645. What is i(14)?
421
Let l(u) = -9170*u - 82525. What is l(-9)?
5
Let v(r) = -15618*r - 1749210. Determine v(-112).
6
Let w(l) = -70108*l**2 + 350538*l + 12. Determine w(5).
2
Let f(d) = d**3 - 7*d**2 + 174. Calculate f(9).
336
Let k(n) = -1356*n - 9561. Give k(-7).
-69
Let x(s) = -s**2 + 32715*s - 360027. Calculate x(11).
-283
Let c(t) = -51*t**2 + 51